git of f?
2
Suppose 0 = 3*o - 6 + 18. Let n = o - -19. What is the tens digit of n?
1
Let y be ((-24)/(-10))/((-10)/75). What is the units digit of (5 - -1)*y/(-27)?
4
Let n(i) be the third derivative of i**4/24 - 5*i**3/6 + i**2. What is the units digit of n(6)?
1
What is the tens digit of ((-93)/9)/(3/(-9))?
3
Let r = -21 + 42. What is the units digit of r?
1
Let p(z) = z + 3. Let g be p(-6). Let s = g + 6. What is the units digit of s?
3
Let k(o) = 12*o**2 + o - 20. What is the hundreds digit of k(4)?
1
What is the tens digit of (-14)/(-49) + (-150)/(-14)?
1
Suppose -j + 1 = -0*j. What is the tens digit of (-4)/(-2) + 9 - j?
1
Let k = -9 - -6. Let w = k + 4. Suppose -2*q = -3 + w. What is the units digit of q?
1
Suppose -3*y - 26 = -89. Suppose 2*p - 6 = -2*v, -3*p - 6*v = -v - 7. Suppose -3*a = -2*m + y, p*m - 2*a - 29 = m. What is the units digit of m?
9
Let j(z) = z - 2. Let k be j(-2). Let x(t) = t**3 + 5*t**2 + 3*t + 5. What is the units digit of x(k)?
9
Suppose -7*l = -9*l - 6. What is the tens digit of 2 - (-16 - -3 - l)?
1
Let m(w) = -w**2 - 5*w - 3. Let k be m(-2). Suppose k*j = -0*j + 63. Suppose -4*c - 1 + j = 0. What is the units digit of c?
5
Suppose 0 = -4*s + 3*s - 6. What is the units digit of (0 - s) + (-3 - -4)?
7
Suppose 2 = 4*x - 3*x. Let j(r) = r + 0*r - x*r. What is the units digit of j(-1)?
1
What is the units digit of (-18)/27*174/(-4)?
9
Let w = -2 + 5. Suppose -w*t + 130 = 2*t. What is the units digit of t?
6
Suppose 3*k = 7 - 4. What is the units digit of k + -4 + (15 - 2)?
0
Let a(n) = -2*n - 2. Let d(k) be the first derivative of k**3/3 + 7*k**2/2 + 5*k + 1. Let p be d(-5). What is the units digit of a(p)?
8
Suppose -7*p = -8*p + 36. What is the tens digit of p?
3
Suppose -840 = -5*q + q. What is the tens digit of q?
1
Let w = -23 - -18. What is the tens digit of 8/4 + w + 48?
4
Let t(i) = i**3 - 3*i**2 + 2*i - 1. Let h be t(3). Suppose -4*n + 96 = h*s - 0*n, -4 = -n. What is the units digit of s?
6
Suppose -5*v + 2*b + 8 = 0, -5*v = b + 2 - 13. Suppose -5*f + v*t = -66, -3*f + 2*t + 23 = -19. What is the units digit of f?
2
Suppose -144 = -3*r - 0*r. Suppose -5*z + r = -2*z. What is the units digit of z?
6
Suppose 5*l = -3*w - 32, 5*w + 16 = w. Let j be (-1 - 1) + 1 - l. Suppose -i + j = -4. What is the units digit of i?
7
Suppose -4 = r + 2*m, m - 1 - 6 = r. Let h(p) = -2*p - 1. What is the tens digit of h(r)?
1
What is the units digit of -1 - (320/(-5) - 0)?
3
Let v = 52 + -15. What is the units digit of v?
7
Let z = -5 - -4. Let f = 3 + z. Suppose 50 = 3*r + f*r. What is the tens digit of r?
1
Let t(m) = -2*m**2 - 2*m + 3*m**2 - 1 + 4*m. Suppose 0 = 3*y - 3*h + 29 - 2, 3*y + 2 = -2*h. What is the units digit of t(y)?
7
Suppose -4*h + 2*h = 8. Let j(s) = 0*s + 2*s - 3*s. What is the units digit of j(h)?
4
What is the units digit of 128*1/(16/12)?
6
Suppose -2*o - 304 = -3*a - a, -3*a - 5*o + 241 = 0. What is the units digit of a?
7
Suppose k + 3 = -w + 4, 5*w + k = 13. Suppose g + 3 = 0, -3*q + w = -0*g + 4*g. Suppose 0*o - 2*n + 10 = o, q*n + 3 = o. What is the units digit of o?
8
Suppose t + 12 = -t. What is the units digit of (-2)/t - (-100)/6?
7
Let l = 71 + -34. What is the tens digit of l?
3
Suppose 0 = 18*h - 19*h + 27. What is the units digit of h?
7
Suppose x + 2*y = 29, -4 = 3*y - 5*y. What is the units digit of x?
5
Let c(u) = 11*u - 3. Let j be c(3). Suppose -5*l - j = 15. Let f = -5 - l. What is the units digit of f?
4
Let d(q) = 6*q - 3. Let f be d(3). Suppose -f = -9*n + 4*n. What is the units digit of n?
3
Let f = 18 + -21. What is the units digit of 416/12 - (-2)/f?
4
Suppose -17 = y - 40. Let c = y + -14. What is the units digit of c?
9
Let v = -9 + 20. Let p be 2/v - (-2)/(-11). What is the units digit of 2 + 51/3 - p?
9
Let x(a) = a**2 + 3*a - 3. Let w be x(2). Suppose -5*v = -w*v - 6. What is the units digit of v/(-3) + 0 - -3?
4
Let z(w) be the third derivative of -w**6/120 + w**5/12 + w**4/8 - 2*w**3/3 + 3*w**2. What is the units digit of z(5)?
1
Let k(n) = n + 8. Let x = -11 + 5. Let i be k(x). Let r = i - -11. What is the units digit of r?
3
Suppose -3*u = -5*x + 10, -3*u - 4 = -0*x - 2*x. Suppose -5*v = -x*w - 73, 3*v + v = -3*w + 40. Let y = v + -8. What is the units digit of y?
5
Let x = 2 - -1. Let h = 5 + x. What is the units digit of h?
8
Suppose -5*b + 3*d = -6, 2*d - 9 = -d. Suppose 5*g - 28 = -b. What is the units digit of g?
5
Suppose -t - 5 + 14 = 0. What is the units digit of t?
9
Let d = -395 + 708. What is the hundreds digit of d?
3
Let s(z) = z**3 + 10*z**2 + 9*z + 5. Let o be s(-9). Suppose 5*p = o*i, -3*p - 4*i - 25 = 10. Let h = -1 - p. What is the units digit of h?
4
Let f = 25 + -35. Let o = 0 - f. Suppose -o = -a - a. What is the units digit of a?
5
Let g(y) = 7*y - 14. Let d be g(6). Let t = -13 + d. What is the units digit of t?
5
Suppose 1229 = 5*z - 3*s, -10*z - 2*s + 251 = -9*z. What is the hundreds digit of z?
2
Suppose 0 = 4*f - 2*f - 2. What is the units digit of f?
1
Suppose 2*k + 32 = 5*o, -3*k = 4*o - 3*o - 3. Suppose o*j - 9 = 3*j. What is the units digit of j?
3
Suppose -4*b - 12 = -b, 0 = -2*m + 3*b + 16. Suppose 14 = m*h + 3*n, 4*n - 6 + 34 = 2*h. What is the units digit of h?
0
What is the units digit of (-993)/(-21) - 6/21?
7
Let y = 136 + -68. What is the tens digit of y?
6
Let n be (0 - -1) + 2 - -17. Let k = n + 1. What is the tens digit of k?
2
Let t(d) = 10*d + 1. Let v be t(1). Let m = v - 5. What is the units digit of m?
6
Suppose 0 = w - 5*f - 12, w - 3*f = -2*w + 96. What is the units digit of w?
7
Suppose 2*b + 19 = 5*v, -2*b - b = -5*v + 21. Suppose -i - 16 = -v*i. What is the units digit of i?
8
Suppose -2*o - 8*a + 3*a = -60, -2*o = 3*a - 60. What is the tens digit of o?
3
Suppose 2*p = 5*t + 46, 0 = -2*t - 0*p - 2*p - 10. Let i = -7 - t. What is the units digit of i?
1
What is the units digit of (-1965)/(-5) + 3/(-1)?
0
Let l = 37 + -24. What is the tens digit of l?
1
Let k(x) = 6*x + 1. What is the tens digit of k(5)?
3
Let x be 148/10 + (-1)/(-5). Let j = x - 8. What is the units digit of j + (-1)/(-1 + 2)?
6
Let b(f) = -f**3 + 10*f**2 + 10. Let y be b(10). Let v = y - 7. Suppose 2*m - 5 = -n, 3*n = -m + v*m + 7. What is the units digit of m?
1
Suppose 55*w - 60*w = -1670. What is the hundreds digit of w?
3
Let a be (3/9)/((-2)/(-36)). Suppose -5*u = -a + 1. What is the units digit of 7/(3 - 2/u)?
7
What is the units digit of 22/3 - 12/(-18)?
8
Suppose 46 = -o + 3*o. Let j = o - 13. What is the units digit of j?
0
Let g be 4*1/(-2) + 0. What is the units digit of ((-2)/(-2))/(-1) - g?
1
Let n = 12 + -6. Let j(k) = -k**3 - k**2 - 3. Let z be j(-3). Suppose -g = -n*g + z. What is the units digit of g?
3
Let p(c) = 20*c**2 - c + 1. What is the tens digit of p(2)?
7
Suppose -45 = -4*y + y. What is the tens digit of y?
1
Suppose 4*y = 280 + 24. What is the tens digit of y?
7
Let i(v) = 4*v**2 - v + 9. What is the tens digit of i(4)?
6
Let y(w) = 5*w + 7. Let o be y(5). What is the tens digit of 2/(-16) - (-484)/o?
1
Let m be (-34)/2*(-5 + 4). Let z = 3 + m. Suppose 0 - z = -4*x. What is the units digit of x?
5
Let m(n) be the second derivative of -n**5/20 - 5*n**4/12 - n**3/3 - 7*n**2/2 + n. Let c be m(-5). Suppose 15 = c*v - 0*v. What is the units digit of v?
5
Suppose -7 = -5*y + 33. What is the units digit of (y/32)/(1/76)?
9
Let r(k) = 9*k + 2. Let g be r(2). Suppose -b = 3*o - g, -2*o - 2*o = 4*b - 40. Let h(i) = i**2 - 4*i - 1. What is the units digit of h(b)?
4
Let i be 2/10 + (-182)/35. Let s(y) = -y**2 - 4*y + 3. Let h be s(i). Let x = h + 8. What is the units digit of x?
6
Suppose -5 = -a - 2. Suppose -4*z = -5*n - z + 54, -a*n + 30 = -z. What is the units digit of n?
9
Let f(d) = -d - 4. Let z be f(-4). Suppose -u + 10 = 4*u. Suppose 2*x - 3*x + u = -i, z = 2*x + i - 4. What is the units digit of x?
2
Let m be (-70)/(-6) - (-3)/9. What is the units digit of 2*m*1/3?
8
Let u = 1 - -4. Suppose u = -5*s - 25. What is the units digit of (2/(-4))/(3/s)?
1
Let i be 84/30 - 2/(-10). Suppose -f - 14 = -i*f. Suppose f + 13 = 4*h. What is the units digit of h?
5
Let d = -48 - -116. What is the units digit of d?
8
Let b(k) = 2*k**2 + k. Let h be b(-1). Suppose 4 = q - h. What is the units digit of (q - -2) + 4/2?
9
Let m be ((-2)/4